[INFO] fetching crate sapi-lite 0.1.1...
[INFO] checking sapi-lite-0.1.1 against master#9610dfe5a9a731ced1ea4923ecbd0c57fe367898 for beta-170-4
[INFO] extracting crate sapi-lite 0.1.1 into /workspace/builds/worker-0-tc1/source
[INFO] validating manifest of crates.io crate sapi-lite 0.1.1 on toolchain 9610dfe5a9a731ced1ea4923ecbd0c57fe367898
[INFO] running `Command { std: CARGO_HOME="/workspace/cargo-home" RUSTUP_HOME="/workspace/rustup-home" "/workspace/cargo-home/bin/cargo" "+9610dfe5a9a731ced1ea4923ecbd0c57fe367898" "metadata" "--manifest-path" "Cargo.toml" "--no-deps", kill_on_drop: false }`
[INFO] started tweaking crates.io crate sapi-lite 0.1.1
[INFO] removed 0 missing examples
[INFO] finished tweaking crates.io crate sapi-lite 0.1.1
[INFO] tweaked toml for crates.io crate sapi-lite 0.1.1 written to /workspace/builds/worker-0-tc1/source/Cargo.toml
[INFO] crate crates.io crate sapi-lite 0.1.1 already has a lockfile, it will not be regenerated
[INFO] running `Command { std: CARGO_HOME="/workspace/cargo-home" RUSTUP_HOME="/workspace/rustup-home" "/workspace/cargo-home/bin/cargo" "+9610dfe5a9a731ced1ea4923ecbd0c57fe367898" "fetch" "--manifest-path" "Cargo.toml", kill_on_drop: false }`
[INFO] [stderr]     Updating crates.io index
[INFO] [stderr]  Downloading crates ...
[INFO] [stderr]   Downloaded windows_quote v0.28.0
[INFO] [stderr]   Downloaded windows_macros v0.28.0
[INFO] [stderr]   Downloaded windows_gen v0.28.0
[INFO] [stderr]   Downloaded tokio-util v0.7.0
[INFO] [stderr]   Downloaded windows_i686_msvc v0.28.0
[INFO] [stderr]   Downloaded windows_aarch64_msvc v0.28.0
[INFO] [stderr]   Downloaded windows_x86_64_gnu v0.28.0
[INFO] [stderr]   Downloaded windows_i686_gnu v0.28.0
[INFO] [stderr]   Downloaded windows_x86_64_msvc v0.28.0
[INFO] [stderr]   Downloaded windows-sys v0.28.0
[INFO] [stderr]   Downloaded windows_reader v0.28.0
[INFO] [stderr]   Downloaded windows v0.28.0
[INFO] running `Command { std: "docker" "create" "-v" "/var/lib/crater-agent-workspace/builds/worker-0-tc1/target:/opt/rustwide/target:rw,Z" "-v" "/var/lib/crater-agent-workspace/builds/worker-0-tc1/source:/opt/rustwide/workdir:ro,Z" "-v" "/var/lib/crater-agent-workspace/cargo-home:/opt/rustwide/cargo-home:ro,Z" "-v" "/var/lib/crater-agent-workspace/rustup-home:/opt/rustwide/rustup-home:ro,Z" "-e" "SOURCE_DIR=/opt/rustwide/workdir" "-e" "CARGO_TARGET_DIR=/opt/rustwide/target" "-e" "CARGO_HOME=/opt/rustwide/cargo-home" "-e" "RUSTUP_HOME=/opt/rustwide/rustup-home" "-w" "/opt/rustwide/workdir" "-m" "1610612736" "--user" "0:0" "--network" "none" "ghcr.io/rust-lang/crates-build-env/linux@sha256:19e73879b68f455e41552ea35293514db52ea292d993f571636dbffedb77a1ee" "/opt/rustwide/cargo-home/bin/cargo" "+9610dfe5a9a731ced1ea4923ecbd0c57fe367898" "metadata" "--no-deps" "--format-version=1", kill_on_drop: false }`
[INFO] [stdout] 2844f6896a1ae677d966037429b1dbcf9d4e3d4974eab019e6b11ac4f81110e6
[INFO] running `Command { std: "docker" "start" "-a" "2844f6896a1ae677d966037429b1dbcf9d4e3d4974eab019e6b11ac4f81110e6", kill_on_drop: false }`
[INFO] running `Command { std: "docker" "inspect" "2844f6896a1ae677d966037429b1dbcf9d4e3d4974eab019e6b11ac4f81110e6", kill_on_drop: false }`
[INFO] running `Command { std: "docker" "rm" "-f" "2844f6896a1ae677d966037429b1dbcf9d4e3d4974eab019e6b11ac4f81110e6", kill_on_drop: false }`
[INFO] [stdout] 2844f6896a1ae677d966037429b1dbcf9d4e3d4974eab019e6b11ac4f81110e6
[INFO] running `Command { std: "docker" "create" "-v" "/var/lib/crater-agent-workspace/builds/worker-0-tc1/target:/opt/rustwide/target:rw,Z" "-v" "/var/lib/crater-agent-workspace/builds/worker-0-tc1/source:/opt/rustwide/workdir:ro,Z" "-v" "/var/lib/crater-agent-workspace/cargo-home:/opt/rustwide/cargo-home:ro,Z" "-v" "/var/lib/crater-agent-workspace/rustup-home:/opt/rustwide/rustup-home:ro,Z" "-e" "SOURCE_DIR=/opt/rustwide/workdir" "-e" "CARGO_TARGET_DIR=/opt/rustwide/target" "-e" "CARGO_INCREMENTAL=0" "-e" "RUST_BACKTRACE=full" "-e" "RUSTFLAGS=--cap-lints=forbid" "-e" "RUSTDOCFLAGS=--cap-lints=forbid" "-e" "CARGO_HOME=/opt/rustwide/cargo-home" "-e" "RUSTUP_HOME=/opt/rustwide/rustup-home" "-w" "/opt/rustwide/workdir" "-m" "1610612736" "--user" "0:0" "--network" "none" "ghcr.io/rust-lang/crates-build-env/linux@sha256:19e73879b68f455e41552ea35293514db52ea292d993f571636dbffedb77a1ee" "/opt/rustwide/cargo-home/bin/cargo" "+9610dfe5a9a731ced1ea4923ecbd0c57fe367898" "check" "--frozen" "--all" "--all-targets" "--message-format=json", kill_on_drop: false }`
[INFO] [stdout] 4c04b15c3f150ee6043d57de98eb1cb7db9709976ab6536e4579ba071e32068c
[INFO] running `Command { std: "docker" "start" "-a" "4c04b15c3f150ee6043d57de98eb1cb7db9709976ab6536e4579ba071e32068c", kill_on_drop: false }`
[INFO] [stderr]    Compiling syn v1.0.85
[INFO] [stderr]    Compiling futures-channel v0.3.21
[INFO] [stderr]    Compiling windows_quote v0.28.0
[INFO] [stderr]    Compiling rustversion v1.0.6
[INFO] [stderr]    Compiling windows_reader v0.28.0
[INFO] [stderr]    Compiling quote v1.0.14
[INFO] [stderr]    Compiling unicode-segmentation v1.8.0
[INFO] [stderr]     Checking mio v0.7.14
[INFO] [stderr]     Checking windows-sys v0.28.0
[INFO] [stderr]     Checking strum v0.23.0
[INFO] [stderr]     Checking typed-arena v2.0.1
[INFO] [stderr]    Compiling heck v0.3.3
[INFO] [stderr]     Checking windows_gen v0.28.0
[INFO] [stderr]    Compiling futures-macro v0.3.21
[INFO] [stderr]    Compiling tokio-macros v1.7.0
[INFO] [stderr]    Compiling strum_macros v0.23.1
[INFO] [stderr]    Compiling windows_macros v0.28.0
[INFO] [stderr]     Checking tokio v1.16.1
[INFO] [stderr]     Checking futures-util v0.3.21
[INFO] [stderr]     Checking windows v0.28.0
[INFO] [stderr]     Checking tokio-util v0.7.0
[INFO] [stdout] error[E0433]: failed to resolve: could not find `windows` in `os`
[INFO] [stdout]     --> /opt/rustwide/cargo-home/registry/src/index.crates.io-6f17d22bba15001f/windows-0.28.0/src/Windows/Win32/Foundation/mod.rs:3306:22
[INFO] [stdout]      |
[INFO] [stdout] 3306 |         use std::os::windows::ffi::OsStrExt;
[INFO] [stdout]      |                      ^^^^^^^ could not find `windows` in `os`
[INFO] [stdout] 
[INFO] [stdout] 
[INFO] [stdout] error[E0433]: failed to resolve: could not find `windows` in `os`
[INFO] [stdout]     --> /opt/rustwide/cargo-home/registry/src/index.crates.io-6f17d22bba15001f/windows-0.28.0/src/core/bindings.rs:1591:34
[INFO] [stdout]      |
[INFO] [stdout] 1591 |                     use std::os::windows::ffi::OsStrExt;
[INFO] [stdout]      |                                  ^^^^^^^ could not find `windows` in `os`
[INFO] [stdout] 
[INFO] [stdout] 
[INFO] [stderr]     Checking futures-executor v0.3.21
[INFO] [stderr]     Checking futures v0.3.21
[INFO] [stdout] error[E0599]: no method named `encode_wide` found for reference `&OsStr` in the current scope
[INFO] [stdout]     --> /opt/rustwide/cargo-home/registry/src/index.crates.io-6f17d22bba15001f/windows-0.28.0/src/Windows/Win32/Foundation/mod.rs:3307:104
[INFO] [stdout]      |
[INFO] [stdout] 3307 | ...ore::alloc::boxed::Box::<[u16]>::into_raw(self.encode_wide().chain(::core::iter::once(0)).collect::<::windows::core::alloc::vec::Vec<u...
[INFO] [stdout]      |                                                   ^^^^^^^^^^^ method not found in `&OsStr`
[INFO] [stdout] 
[INFO] [stdout] 
[INFO] [stdout] error[E0599]: no method named `encode_wide` found for reference `&OsStr` in the current scope
[INFO] [stdout]     --> /opt/rustwide/cargo-home/registry/src/index.crates.io-6f17d22bba15001f/windows-0.28.0/src/core/bindings.rs:1592:116
[INFO] [stdout]      |
[INFO] [stdout] 1592 | ...ore::alloc::boxed::Box::<[u16]>::into_raw(self.encode_wide().chain(::core::iter::once(0)).collect::<::windows::core::alloc::vec::Vec<u...
[INFO] [stdout]      |                                                   ^^^^^^^^^^^ method not found in `&OsStr`
[INFO] [stdout] 
[INFO] [stdout] 
[INFO] [stdout] error: aborting due to 4 previous errors
[INFO] [stdout] 
[INFO] [stdout] 
[INFO] [stdout] Some errors have detailed explanations: E0433, E0599.
[INFO] [stdout] 
[INFO] [stdout] For more information about an error, try `rustc --explain E0433`.
[INFO] [stdout] 
[INFO] [stderr] error: could not compile `windows` (lib) due to 5 previous errors
[INFO] running `Command { std: "docker" "inspect" "4c04b15c3f150ee6043d57de98eb1cb7db9709976ab6536e4579ba071e32068c", kill_on_drop: false }`
[INFO] running `Command { std: "docker" "rm" "-f" "4c04b15c3f150ee6043d57de98eb1cb7db9709976ab6536e4579ba071e32068c", kill_on_drop: false }`
[INFO] [stdout] 4c04b15c3f150ee6043d57de98eb1cb7db9709976ab6536e4579ba071e32068c
